g**2 + 2 + 2*g - g**3 - 9*g**2. Let w be c(-5). Is i(w) a multiple of 17?
False
Let j be 2/4*4 + 3. Is 30/(-4)*(-32)/j a multiple of 16?
True
Suppose 2*k - 238 = -v, 4*k - 2*v - 678 + 194 = 0. Is k a multiple of 6?
True
Is 4 a factor of (4 - (-5 + 12)) + (-17)/(-1)?
False
Suppose -2*l - g - 231 = -5*l, 3*l - 231 = -2*g. Suppose -l = -4*f - o, -o - 1 = -6. Does 18 divide f?
True
Suppose x + 2 = 4*b - 56, -3*b - x = -47. Suppose -b = -3*i - 2*i. Suppose -74 = -i*w + 2*a + 3*a, 3*w + 5*a - 34 = 0. Does 9 divide w?
True
Let d(k) = -2*k - 4. Is 4 a factor of d(-9)?
False
Suppose 0 = m - p + 5*p - 17, 5*m + 3*p - 51 = 0. Is m even?
False
Let f be (-63)/(-15) + 2/(-10). Let z be 18/f - 6/(-4). Suppose 2*k = z + 4. Is k a multiple of 4?
False
Let n(b) = b**2 - 4*b + 1. Let g be n(-7). Let a = 117 - g. Is a a multiple of 14?
False
Suppose -4*l + 27 = 15, -2*b + 129 = 3*l. Does 17 divide b?
False
Let a(r) = -r**2 + 9*r - 1. Does 11 divide a(6)?
False
Let m(k) = -k**2 - 2*k - 1 + 4*k + k**3 + 6*k**2. Let b be m(-4). Suppose -q = -4*u + 43, 2*u - 5*q + 35 = b*u. Is 7 a factor of u?
False
Let p(m) be the first derivative of m**2 + 1. Let z be p(-1). Is 21 a factor of 42 - 0*1/z?
True
Let j = -10 + 31. Let c = 35 - j. Is c a multiple of 7?
True
Suppose 2*o - 177 = -5*u, o - u = -6*u + 96. Is 6 a factor of o?
False
Does 13 divide ((-4)/(-12))/(1/78)?
True
Suppose m = 3*h - 109, -3*m = h - 3 - 20. Is h a multiple of 7?
True
Suppose 2*v = 5*h - 30, -v + 5*v + 40 = 5*h. Suppose h*b - 48 = b. Is b a multiple of 8?
True
Let w be (-18)/(-30) + (-72)/(-5). Suppose -m - 7 = -2*h, w = 3*m - 6*m. Let r(v) = 5*v. Does 2 divide r(h)?
False
Let a(o) = o**2 - 4*o - 42. Does 2 divide a(-5)?
False
Let d(z) = z**2 - z - 49. Let o be d(0). Let q = 72 + o. Is q a multiple of 12?
False
Let g(i) = -2*i**2 - 32*i + 19. Does 8 divide g(-15)?
False
Let d = 31 - 9. Does 13 divide d?
False
Suppose -t - 4*t = -q + 38, -t + 257 = 4*q. Is q a multiple of 9?
True
Suppose -4*n = 3*p - 156, 0 = 5*n - 0*n - 15. Is p a multiple of 12?
True
Suppose -s + 20 = s + 4*l, -4 = -s + l. Suppose 7*n - 28 = s*n. Is 14 a factor of n?
True
Suppose 5 = -2*o - 2*u + 17, 5*u - 10 = -3*o. Is o a multiple of 10?
True
Let f(w) = -w**2 + 7*w - 6. Let g be f(4). Let s = g - 4. Suppose 5*q = 3*y - 110, 3*y + 0*y - 125 = s*q. Does 15 divide y?
True
Suppose -132 = 3*u - 4*u - 4*x, 0 = -3*x - 6. Is 41 a factor of u?
False
Let n = -36 - -63. Is 9 a factor of n?
True
Suppose 0 = -p + 5*p, 3*c = p + 30. Suppose 2*i - c = 18. Is i a multiple of 7?
True
Let m(n) = -n + 2*n**2 + 4*n - 3*n - 2*n + 2. Is m(3) a multiple of 7?
True
Let f(k) = 30*k**3 + 3*k**2 - 3*k + 5. Does 26 divide f(2)?
False
Is ((-34)/4)/(5/10 - 1) a multiple of 5?
False
Let p(z) = -11*z + 1. Let h be 4/6*9/(-2). Is p(h) a multiple of 12?
False
Suppose 0 = 3*q + 2*q - 20, 0 = 3*d + 5*q - 101. Does 10 divide d?
False
Suppose o + 3*p = 4*p + 33, p = -4*o + 157. Is 19 a factor of o?
True
Suppose -u - 3*u = -1372. Suppose 5*y = 5*b + 315, 5*y = 3*b - 5*b + u. Does 22 divide y?
False
Is 10 a factor of (15/(-30))/(1/(-238))?
False
Let d = 6 - 2. Suppose d*k - 5*k = 0. Suppose -4*o - 3*i = -129, -o - 2*o + 2*i + 101 = k. Is 10 a factor of o?
False
Suppose 6*s = s - 25, -3*z - 5 = 4*s. Suppose 2*x = -2*x + 16. Suppose k - 19 = 2*m - 67, -x*m + 84 = -z*k. Does 17 divide m?
False
Suppose -39 = -2*d + 187. Suppose 8 = -4*h, 3*j - 44 = -h + d. Is 16 a factor of j?
False
Suppose 0 = -a + 3*n - 8*n + 45, 3*n - 159 = -5*a. Is 15 a factor of a?
True
Let w(n) = 16*n + 2. Let b be w(2). Suppose b = -5*z - 16. Let d = z - -56. Is d a multiple of 23?
True
Let u(m) be the second derivative of m**5/20 - m**4/12 + m**3/6 - m**2/2 - 5*m. Is 2 a factor of u(2)?
False
Let m(z) = z**3 - 8*z**2 + 8*z - 8. Let n be m(7). Is (n/2)/(1/(-22)) a multiple of 7?
False
Let k(h) = -h**3 + 2*h**2 - 2*h + 1. Let w be k(2). Let z be (5 + -4)/((-1)/w). Suppose -2*v + 52 = 3*a, 48 = z*v + 3*a - 30. Does 15 divide v?
False
Let k(q) = q**2 - 4*q - 8. Let o be k(9). Suppose l - o = -113. Is 6 a factor of 3/(-15) + l/(-5)?
False
Suppose 16 = -2*b - 4*m, 2*m = 4*b + 5*m + 7. Suppose 4*y + 0*f - b*f - 14 = 0, 4*y = -2*f + 2. Is y a multiple of 2?
True
Let j(n) = n**2 + 8*n + 21. Is j(-7) a multiple of 7?
True
Let y(z) = -5*z**3 + 4*z + 3. Let j be y(-3). Suppose 4*v = -22 + j. Is v a multiple of 13?
True
Let x be (292/6)/((-32)/(-48)). Let v = -29 + x. Is v a multiple of 11?
True
Let w(l) be the second derivative of -5*l**2 - 4/3*l**3 - 4*l + 0. Is w(-11) a multiple of 27?
False
Suppose 6*z + 18 = 4*z. Let j = 25 + z. Is j a multiple of 13?
False
Suppose 12*p + 163 - 1063 = 0. Is 20 a factor of p?
False
Suppose -3*w + 2 = -4*i - 56, 0 = 3*i + 3. Is 10 a factor of w?
False
Let r(t) be the first derivative of t**2/2 + 2*t - 2. Let l be r(0). Is 2/(-4)*l + 16 a multiple of 15?
True
Let s(d) = d**3 - 9*d**2 - d + 11. Let i be s(9). Let x be 2/i + 4 + -6. Let k = x - -6. Is k a multiple of 3?
False
Let d = 28 + -48. Does 8 divide ((-56)/35)/(1/d)?
True
Suppose 5*t = -3*n + 2 - 11, -t = -4*n + 11. Let m = 45 - 23. Suppose -5*x = 4*d - 61, 0 = 5*x - n*d - m - 45. Does 7 divide x?
False
Let u be (1*-1)/(1/(-5)). Suppose u*o + 64 = o. Let w = o + 23. Is 4 a factor of w?
False
Is 14 a factor of (2/6)/(9/2646)?
True
Suppose t - 111 = 2*k, t - 4*t = -3*k - 345. Does 17 divide t?
True
Suppose -3*i - 52 = 5*y - 4*i, 0 = 2*y + i + 18. Let n(d) = -d**3 - 10*d**2 - 3*d - 3. Let c be n(y). Is 831/c - (-2)/9 a multiple of 9?
False
Suppose -5*b = -3*c + 136, b = -4*b - 25. Suppose -a = 11 - c. Is 7 a factor of a?
False
Let g(n) = n**3 + n**2 - 2*n - 1. Let s be g(-1). Suppose 19 = 4*f - s. Is 2 a factor of f?
False
Let j(w) = -13*w - 4. Let n(i) = -5 + 6*i - 18*i + 2. Let d(y) = -3*j(y) + 4*n(y). Is d(-1) a multiple of 4?
False
Is ((-1)/(-7) - 184/14)*-1 a multiple of 5?
False
Let f(l) = -l**3 - 3*l**2 + 14*l - 4. Is 5 a factor of f(-6)?
True
Let x(c) = -c**3 + 6*c**2 - 3*c - 3. Does 8 divide x(4)?
False
Suppose -h - 4 = -0*h. Let y = h - -1. Is 12 a factor of 4/6 - 67/y?
False
Suppose -4*r - 2*r = -180. Is 8 a factor of r?
False
Suppose 12*h - 2387 = 805. Is h a multiple of 36?
False
Suppose 0 = 5*f + k + 7 + 8, k = -5. Let u(s) = 15*s - 14. Let t(v) = 5*v - 5. Let b(z) = 8*t(z) - 3*u(z). Does 12 divide b(f)?
True
Let z(f) = -f**2 + f. Let d = 4 + -3. Let w(c) = 6*c**2 - 2. Let n(j) = d*w(j) - 2*z(j). Is 11 a factor of n(2)?
False
Let s be (-32)/(-18) + 6/27. Suppose -6*z + 52 = -s*z. Does 5 divide z?
False
Is 27 a factor of (2/(-3))/((-12)/2394)?
False
Let z(l) = -2*l - 3 - 2 + 2*l - 5*l. Suppose -4*m - 11 = 3*o, 2*m - 4 = m - 3*o. Is z(m) a multiple of 20?
True
Let u = 4 - 6. Let h = u + 5. Suppose -l = -5*v - 11, -3*l + v + h*v = -33. Is 6 a factor of l?
False
Let q(g) = -53*g**3 - g**2 + 2*g + 4. Is q(-2) a multiple of 15?
True
Let g(a) = -a**3 + 4*a**2 + 2*a + 5. Let r be g(4). Let i = r - 0. Does 13 divide i?
True
Let w(q) = 2*q**2 + q. Let l be w(-1). Suppose 3*x = 4*p - 0 + 3, -4*p - l = -x. Suppose p*m = -3*m + 48. Is m a multiple of 9?
False
Let c = -29 - -61. Is 8 a factor of c?
True
Suppose 5*s = -0*s + 105. Does 7 divide s?
True
Does 8 divide 1/2 - 15/(-2)?
True
Suppose 5*z + 3*o = -27, 3*z - z - 5*o = -17. Let q = z + 6. Suppose 2*p - 48 + 0 = q. Does 7 divide p?
False
Let f(z) = -z**2 + 11*z + 13. Is f(10) a multiple of 5?
False
Is 20 a factor of (75/(-10))/((-12)/272)?
False
Let k(p) = 9*p**3 - p**2 - p - 9. Does 38 divide k(3)?
False
Let m(l) = -l + 2. Let c be m(2). Let x(i) = -i + 10. Is 9 a factor of x(c)?
False
Let z be 9/(-3) + (2 - -5). Let p = z - -17. Is 13 a factor of p?
False
Does 2 divide (-52)/(-10) + (-6)/30?
False
Does 15 divide ((-3)/(-2))/(2/140)?
True
Suppose -5*h - 14 = -u, -3*u + 6*h + 22 = h. Suppose -137 = -u*c - 37. Is c a multiple of 7?
False
Let r(h) = h**2 - 9*h - 18. Let n(k) = 3*k**2 - 26*k - 53. Let v(o) = 4*n(o) - 11*r(o). Is v(11) a multiple of 24?
False
Suppose -3*k = -0*k - 3. Let l be 4*(10 - 0/k). Suppose 0 = -r + 4*y + l, -3*y + 4*y - 95 = -5*r. Does 10 divide r?
True
Let c be 6/(-24) - (-45)/4. Let o(z) = -7*z**2 + 11*z - 13. Let w(x) = 13*x**2 - 22*x + 26. Let k(g) = c*o(g) + 6*w(g). Is 12 a factor of k(11)?
False
Let v(r) = 57*r - 1. Let d be v(1). Let q = d 